 the value of -246 + 236 - (1 - 2 - 3)?
-6
What is (-9 + 8 - (-1 - 5)) + 2 + 1?
8
What is the value of 15 + (-7 - 4) - 12?
-8
Calculate (-19 + -1 - -23) + -21.
-18
What is (27 - 34) + (16 - 6)?
3
Calculate -7 + 0 + 3 + 9 + 0 + -4.
1
(6 - -2 - -1) + (346 - 357) + 10
8
Evaluate -11 + 16 - (3 + -3 - -27) - -6.
-16
What is 1 + -5 + (-16 - -30) - (23 + 3)?
-16
(5 - 0) + -5 + (16 - 16)
0
What is the value of 5 - (3 - -10) - 2?
-10
Evaluate 10 + (15 - (0 - -3)) + (-2 - -6).
26
What is the value of 2 - (-4 + (-1 - 2 - (3 + -7)))?
5
What is the value of -4 + (-2 - -9 - (3 - 0)) + -2?
-2
What is (0 + 6 - -11 - 2) + 5 - 7?
13
Calculate (0 - (-1 - -13)) + (-10 - (12 + -28)).
-6
What is -1 - 14 - (-54 - -15 - -30) - 7?
-13
Evaluate (-1 - (-1 + -7)) + -6 + -5.
-4
(1 - 11) + (-21 - -51 - 25)
-5
What is the value of 9 - (20 - (0 - 9) - 9)?
-11
(-4 - -22) + (-8 - (26 + -34))
18
What is the value of (4 - (1 + -8)) + (-47 - -26)?
-10
Calculate 8 + (-6 + 26 + -8 + -8 - 8).
4
What is 28 - (30 + 13 - 12)?
-3
What is -3 + 1 + (-8 - -2 - (-20 - -19))?
-7
Calculate (-9 - (22 - 5)) + 40.
14
What is the value of (16 + -2 - -3) + -6 + 4?
15
Evaluate -11 - -8 - (3 + -7 + 12).
-11
Calculate (4 - -57) + -11 - (2 + 15).
33
Calculate -63 - ((7 - -25) + -67).
-28
(-8 - 0) + 1 + -4 - -23
12
What is the value of 8 - -5 - 20 - 17?
-24
Calculate (20 - (-1 + (8 - (4 + -2)))) + 5.
20
Evaluate -6 - ((-18 - (-5 + 1 - -2)) + 8).
2
What is 40 - (8 + 17) - 8?
7
What is the value of 7 + -17 + (2 - (0 + (-7 - -18)))?
-19
What is the value of -2 + -5 + -1 + (3 - -2)?
-3
(1 - (11 + -4)) + 24 - (12 + -5)
11
What is the value of (4 - 1) + -9 + -1 + (-2 - 0)?
-9
-8 + 10 + (-2 - 1) + 6 - 18
-13
What is the value of -184 - -175 - (-3 + -3 + (1 - 1))?
-3
What is -12 + (-185 + 172 - (-15 - 0))?
-10
What is -3 - (8 + 9 + -13 - (0 + 22))?
15
Evaluate (9 - -5 - 28) + 2.
-12
Calculate 28 + (-22 - (-10 - -3)).
13
What is the value of 2 + -1 + -19 + -899 + 941?
24
-3 + 1 + (-241 - -238)
-5
0 - (-6 + 4) - 5 - -1
-2
Evaluate (11 - 1) + (-2 + -1 - 12).
-5
Calculate 1 - -11 - (6 + -5 + 9).
2
Evaluate 15 - (15 - (-16 + 23)).
7
Calculate 6 + 4 + (21 - 30).
1
11 + (9 + 3 - 26 - 3)
-6
Calculate -2 - (5 - (2 + (1 - -3) + 9)).
8
-5 + 11 - -12 - (0 - -4) - 0
14
What is -18 + (-16 - 4 - -5) + 7?
-26
Evaluate (-1 + 5 - -10) + -16.
-2
Evaluate (-12 - (2 + 3)) + (8 - 14) + 1.
-22
What is the value of 1 + 0 + 0 + 28 + (-69 - -55)?
15
What is the value of 4 + -9 + 9 - (2 - 6)?
8
Evaluate 1 + 2 + 9 - -10 - 11.
11
What is the value of -6 + -2 + (-21 - -10) + 0?
-19
What is (28 - 25) + (0 - ((-1 - -2) + -3))?
5
What is the value of 15 + 10 - -13 - 58?
-20
Calculate (14 - 7) + -10 + -7 - -3.
-7
Evaluate 25 + -42 + (9 - 4).
-12
What is the value of -4 - -4 - ((2 - (-1 + 3)) + 13)?
-13
Calculate (-6 + 6 - (-7 + 0) - -17) + 1.
25
What is (-1 - (8 + 1)) + (2 - 2) + 2?
-8
Calculate 3 - 9 - (3 - -1).
-10
Evaluate 60 + -52 + (4 - 32).
-20
What is the value of -2 - (8 + (-4 - (0 + 1 + -3)))?
-8
(-20 - (-16 + -1)) + (-1 - 10)
-14
What is the value of (-48 - (-21 + -5)) + 23?
1
12 - (5 + 10) - (-1 + -1 + -14)
13
What is the value of (97 - 121) + (-15 + 1 - (0 + -5))?
-33
Evaluate -8 - (-70 + 44 + -7).
25
Evaluate 13 - (2 - -3) - (0 - -9) - 8.
-9
Evaluate -15 - (-13 + -8 + -1).
7
Calculate -18 - (-35 - (-6 + 11)).
22
What is the value of -1 + 13 + -8 - 7?
-3
Calculate 33 + 9 + (5 - (8 + 6)) + -4.
29
What is 5 - (10 - (17 - (8 + 2)))?
2
Evaluate (-17 + 15 - -10) + 14 + 1.
23
Evaluate 5 - (6 + (7 - (7 - 16))).
-17
What is 50 - 23 - (-8 + 20)?
15
-6 + -1 + (-15 - -26 - 13) + 4
-5
What is the value of -14 + (8 - 6) + 23?
11
Evaluate (-5 - 7) + -10 + 9.
-13
-1 + 0 + 14 + 17 + -37
-7
2 - ((5 - 6) + (3 - (-1 - -7)))
6
Calculate 32 + -71 + 21 + (2 - (3 + -6)).
-13
24 + (-23 - 40 - -34)
-5
What is 9 + (-2 - -2) - (290 + -282)?
1
What is the value of 0 - 5 - ((8 - -2) + (-47 - -43))?
-11
What is (-35 - -17 - 12) + 55?
25
17 - (-15 + 0 - (-172 + 142))
2
What is the value of 0 + 5 - (-11 + 16 + -2)?
2
(-4 - (11 - (7 - -8))) + -10
-10
Calculate (-8 - 7) + 5 - ((-1 - -5) + -3).
-11
What is the value of 12 + (28 - 34) - (0 - 19)?
25
Evaluate 34 + -22 + 18 + -13.
17
(0 - (5 - -1)) + (6 - (-29 + 23))
6
What is -1 - (-4 + 36) - -33?
0
Calculate -1 + 17 + (-10 - -12) + -16.
2
Evaluate -4 + 3 - (-4 + 2) - (-11 + 8).
4
What is 18 + (-37 - 19) - -36?
-2
Calculate 1 + 9 - (44 + -34 + (1 - -20)).
-21
What is the value of (-19 - -31) + (0 - 26)?
-14
5 - -8 - 26 - -5
-8
(1 - -4) + -6 - 3 - 3
-7
What is the value of (-10 - -6) + (0 - 0) - (7 + -3)?
-8
9 - (16 + -11) - 12
-8
Evaluate -4 - (-1 - -4 - 20).
13
(26 - 36) + 14 - (-4 - (7 + 4))
19
Calculate 56 + -34 + -35 - (2 + -9).
-6
Evaluate (18 - (-2 + 3)) + (-119 - -113).
11
What is the value of 27 + (-19 - (3 + 6))?
-1
What is the value of 213 - 196 - (2 + 0 - -22)?
-7
29 + -7 + (-2 - 22)
-2
What is -2 + -10 + (26 - (34 + -20)) + 19?
19
-22 - ((-15 + 12 - 3) + -9)
-7
Evaluate (9 + (7 - 4) - 12) + 8.
8
What is 7 + -3 - (9 - 8) - (-3 + -4)?
10
Calculate (5 + -17 - -4) + 15 + -1 + 1.
7
Evaluate 3 + 1 - (-24 - -13).
15
What is -7 - 1 - ((-21 - -13) + -20)?
20
Calculate 15 + (-38 + (49 - 19) - (0 + -8)).
15
Evaluate (-3 - -13) + -4 + -1 - (1 - 1).
5
What is the value of 17 - (6 + -10) - 11?
10
Calculate -6 + (12 - 3) - (-21 + 19).
5
Calculate 6 + (8 - (5 + 17)).
-8
What is the value of 21 - -1 - (-171 + 213)?
-20
Evaluate -1 + (-2 - (-4 - 7)) + -9.
-1
0 + 0 + 0 + 32 + 25 + -61
-4
Calculate 8 + -4 + -5 - -14.
13
(-14 - (16 + -8 - 15)) + 13 - 27
-21
Evaluate (21 - (6 + 2)) + -15.
-2
What is -23 - (-19 + 23 + -22)?
-5
What is the value of -6 + (-7 - -15 - 11) - (0 - 37)?
28
Evaluate (-5 - 5 - -2) + 0.
-8
What is 6 + 0 + 4 + -16 + -4 - 8?
-18
Evaluate (1 - 39) + 491 + -484.
-31
What is -27 + 19 + 61 - 15?
38
What is 3 + 22 + (42 - 47)?
20
What is the value of 8 - (-3 - -19 - (3 + 9)) - -3?
7
-14 - ((3 - 10) + -4)
-3
What is the value of -4 + -49 + 26 + 28?
1
10 + (-19 - -6) + -7
-10
-13 - -31 - (6 + 10)
2
Evaluate 10 - (-9 - 2 - (-10 + (15 - 30))).
-4
(-32 - -2) + (-8 + -4 - (-41 + 25))
-26
What is (-25 - -34) + 0 + -10 + (-6 - 1)?
-8
Calculate (2 - 3) + 1 + -3 + 4 + 3.
4
Calculate -6 - (-12 + -27 + 17).
16
What is the value of (40 - 1) + (919 - 931)?
27
Evaluate 34 + (8 - (-12 + (6 - 12 - -18))).
42
Calculate (-1 - 13) + -3 + (-5 - (-5 + -5)).
-12
Evaluate -1 - -12 - (-4 - (12 + (-13 - -1))).
15
Calculate -2 + 6 + -34 - (27 + -38).
-19
Evaluate (-3 + 1 - (20 + -18)) + -8.
-12
(5 + 50 - 47) + -18 + -1
-11
-24 - (24 - 55) - -6
13
What is the value of -15 + 1 - (-13 + 4 + 4)?
-9
What is 41 + (10 - 14 - 8 - -7)?
36
Evaluate (-10 - -11) + 17 - 35 - -8.
-9
277 + -267 - (4 - 1)
7
-37 + 12 - 35 - -27
-33
Calculate (-123 - -142) + (4 - 2).
21
What is (-2 + 24 - 4) + -27?
-9
Evaluate -18 - (-5 - (-8 + (-1 - (9 + -14)))).
-17
Evaluate (-5 + -11 - 4) + 10.
-10
0 - (-38 + 30 - (0 - 5))
3
What is -29 + 12 - (-27 + 3)?
7
Calculate 9 + 2 + (1 - 6 - -9).
15
Evaluate (50 - (-2 + 25)) + (-5 - 3).
19
-6 - (5 + -8 + 4 + 7)
-14
(2 - 13) + 0 + (24 - 18)
-5
Calculate -17 + (15 - (3 - 2)).
-3
Evaluate 6 + -6 - ((1 - 0) + -7 + 0).
6
What is the value of -3 + 1 + (-8 - (-8 - -13) - 6)?
-21
Calculate 6 + (11 - 13) + (-2 - (-2 - 5)).
9
What is -14 + -1 - (1 - 2) - (-43 + 38)?
-9
Calculate (0 - 2) + 12 + (18 + -25 - -3).
6
Calculate -20 - (-17 + -48 + 24).
21
Evaluate 3 - -2 - 3 - (6 - -6).
-10
(-5 - 3) + 1 - (-162 + 151)
4
Evaluate (-8 - -6) + (0 - (-7 + 3)).
2
Evaluate -8 - (-3 - (0 + -8 + 7)).
-6
What is the value of -11 - (6 + (-9 - 4)) - 10?
-14
What is -1 - (17 + (-12 - -6))?
-12
Evaluate 0 + 13 + 6 + -33 + 13 + 15.
14
(99 - 132) + (2 - -1) + 1
-29
Calculate -7 - (3 + (7 - 1)) - (-5 - 1).
-10
Evaluate -2 + -1 - (15 + -2 - (5 - -13)).
2
What is 26 - (18 + -3 + 5)?
6
-23 + 25 + 4 + -4
2
Evaluate 22 - (1 + -3) - (2 - (-6 + 4)).
20
(4 - (-10 - (3 - (10 + -1)))) + -3
5
9 + -1 + (-13 - (22 + -27))
0
Calculate -23 - (-7 + 0 + -29).
13
What is 42 + -1 - (-333 + 348) - -1?
27
Calculate 8 - (9 + 17) - -8.
-10
What is the value of (7 - 4) + (1 + 3 - (12 + -9))?
4
2 - ((5 - (-3 - 5)) + 0)
-11
-12 - -30 - 21 - 1
-4
Evaluate -16 + (30 - 15) + -5.
-6
What is the value of -6 - -4 - (-6 + 9) - -5?
0
What is 40 + -13 + -2 + 9 + -5?
29
Evaluate -4 + (-10 - 